72 - n**5/12 + 115*n**4/12 + 160*n. Let i(m) be the third derivative of r(m). Determine i(-8).
6
Suppose 0 = 8*w + 7 - 31. Suppose -k = -w - 1. Let q(o) = k - 5 + 2 + o - 2*o. Give q(5).
-4
Let d = -74 - -79. Let q be (66/(-55))/(3/d + -1). Let s(z) be the first derivative of -z**4/4 + 5*z**3/3 - 3*z**2/2 + z + 1. Determine s(q).
10
Let t = -4 + 7. Let m be (-29 - -27)/((-2)/7). Let n(x) = 7*x + m*x**2 + 6 - 14 - x**3 + 2*x**t. Determine n(-6).
-14
Let o(p) = 4 - 5 + p - 3*p + 4*p. Let c = -4951 + 4956. Give o(c).
9
Suppose 31*j - 24 = 30*j. Suppose 384 = j*x - 30*x. Let h = -60 - x. Let y(f) = -f**3 + 6*f**2 - 6*f + 6. Calculate y(h).
14
Let l(m) = -17*m + 28. Let f = 14021 + -14019. Calculate l(f).
-6
Let v(u) = 5*u + 99. Let j(f) = 4*f + 100. Let a(x) = -3*j(x) + 4*v(x). What is a(-11)?
8
Let r(c) be the third derivative of c**5/30 + 7*c**4/24 - 5*c**3/3 + 1314*c**2. Determine r(-4).
-6
Let b(u) be the first derivative of 3*u**2 - 58*u + 3926. What is b(10)?
2
Let i be (-6)/(-9)*136/68*15/(-4). Let k(b) = -b**2 - 10*b - 1. What is k(i)?
24
Let i = 300 - 282. Let c(l) = 4 - 11 + l + i. Give c(-16).
-5
Let a be -2*(1395/10)/(-9). Let o(c) = -c**3 + 7*c + a*c**2 + 4 - 3*c - 27*c**2. Suppose -2*h - h + 15 = 0. Calculate o(h).
-1
Suppose 12*l - 14*l + 4 = 0. Suppose 5*a = 2*x - 11, -4*x + 7*x - a = 10. Let y(q) = -8*q**x + 9*q**3 - 2 + 2*q + 4*q**2 - 4*q. Give y(l).
18
Let d(o) = o**3 - 8*o**2 + 3*o - 10. Suppose 0*h = 2*h - 14. Suppose -6 = 2*g, 0*g - 3*g - 27 = 2*q. Let m be (-8)/(-28) - 9/h - q. Determine d(m).
14
Let c(j) = -6*j + 2. Let d(m) = -12*m + 5. Let i(h) = 7*c(h) - 3*d(h). Let u(r) = 5*r + 2. Let o(v) = -6*i(v) - 7*u(v). Let f be 4 + (-2)/6 + 4/12. Give o(f).
-4
Let f = -53 - -69. Let q be (-19)/(-4) - -4*1/f. Let s(b) = -186*b**3 + 187*b**3 - b**2 - 5*b + q + 6*b**2. Determine s(-6).
-1
Let f(p) be the second derivative of p**5/20 + 11*p**4/12 - 2*p**3/3 + 3*p**2/2 + 10619*p. Give f(-11).
47
Let d(s) = 5*s**3 - 35*s**2 + 2*s - 3. Let g(m) = -2*m**3 + 13*m**2 - m + 1. Let x(z) = 3*d(z) + 8*g(z). Let w = 7 + -8. Determine x(w).
1
Let o(h) = h**2 + h - 1. Let r be o(2). Suppose -2*b - 5 + 0 = -r*x, -x - b = 6. Let p(k) = 6*k**3 - 2*k**2 - 2*k - 1. What is p(x)?
-7
Suppose 2*d + 2*d = -4. Let k(b) be the second derivative of -7*b**3/6 + b**2/2 - 830*b. Give k(d).
8
Let q(w) be the third derivative of 0 - 5*w**2 + 0*w + 1/24*w**4 - 1/3*w**3. Let j be q(1). Let x(m) = 2*m**3 + m**2. Give x(j).
-1
Let v(d) be the first derivative of -85 - 1/2*d**2 - 22*d. What is v(0)?
-22
Let p(s) be the third derivative of -s**4/24 - 5*s**3/6 - 7*s**2. Suppose 3*x = 5*o - 35, 4*o - 11 = -12*x + 11*x. What is p(x)?
0
Let x(a) = -a**2 - 7*a + 1. Let t(o) = 2*o**2 + 13*o - 3. Let u = -27 + 38. Let j(g) = u*x(g) + 6*t(g). Let f be (2*2/8)/((-33)/(-330)). Give j(f).
23
Suppose -20*c + 4605 = -3235. Let n = -390 + c. Let a(b) = 4*b - b - 1 - 2*b + 3*b. Determine a(n).
7
Let y(j) be the first derivative of -7*j**2 + 92 + 10*j**2 + 117 - 2*j. Give y(6).
34
Let j(m) = -3*m**3 + 6*m**2 + m + 4. Suppose 0 = -3*w + 2*c - 27 + 44, -5*w + 23 = -2*c. Give j(w).
-20
Suppose -s - 10 = -4*r, 4*r - 6 = -r - 2*s. Let a(i) = 3*i + 16*i**2 - 7*i + 3 - 23*i**2 - i**3 + 14*i**r. Give a(6).
15
Let d(l) = -80*l**3 + 85*l**3 + 7*l**2 - 4*l - l - 6*l**2. What is d(2)?
34
Let b(g) = -5*g - 2. Suppose -5*v = -h - 71 + 18, -3*v - 2*h = -24. Suppose 189*r - 184*r = -v. Determine b(r).
8
Let k be (3 - 1)/2 + 2. Let o(a) = -3*a**3 + 9*a**2 + 9*a + 14. Let n be o(4). Let w(m) = m + 1489*m**2 - 1491*m**n - 5 + 1 - 6*m + 2*m + m**3. Calculate w(k).
-4
Let u(l) = -206827*l**2 - 4 - 39 + 2*l - l**3 + 206825*l**2. Give u(0).
-43
Let v(t) = -8*t - 8. Let x = -1042 - -1036. Determine v(x).
40
Let h be (-10)/(-40) + (-22)/(-8). Let g(d) = 5*d + 2. Let q(y) = 7*y + 4. Let c(k) = h*q(k) - 4*g(k). What is c(-10)?
-6
Let n(l) = -l**3 - 4*l**2 - 7*l - 10. Let w be 29/(-8) + (-2 - (-182)/112). Calculate n(w).
18
Suppose 5*w + 52 = 3*z, -5*z - w + 51 + 17 = 0. Let d(q) = q**2 - 18*q + 56. Determine d(z).
0
Let x(r) be the first derivative of -24*r**2 - 52 + 1/60*r**5 - 1/3*r**3 - 1/6*r**4 + 0*r. Let j(f) be the second derivative of x(f). What is j(6)?
10
Let n(j) = -5*j**2 - 2*j - 1. Let z(q) = q**2 - q - 1. Let k(s) = n(s) - 2*z(s). Let g(i) = i**2 + 96*i - 2053. Let u be g(-114). Determine k(u).
-6
Let j(x) = -9*x - 6 + 17*x + 3*x - 2*x. Let k(p) = 11*p - 7. Let w(f) = -5*j(f) + 4*k(f). Calculate w(10).
-8
Let o(n) = -11*n**3 - 1. Let t(l) = 89*l**3 - 14*l**2 - 4*l + 55. Let m(c) = 8*o(c) + t(c). Calculate m(14).
-9
Let y(w) = -w**3 - 17*w**2 - 16*w - 2. Let q = -150 + 30. Let f be -21 + (q/48)/(1/(-2)). Calculate y(f).
-2
Suppose 4*l - 61 = 31. Suppose -30 = -v - l. Let g(a) = a**3 - 8*a**2 + 7*a - 3. What is g(v)?
-3
Let k(h) = h + 12. Suppose 0 = n - 4*i + i + 4, -n + 4*i = 7. Suppose 2*o = b + 1, -5 = n*o - o + 5*b. Suppose o = 3*p - j + 3*j + 15, 0 = j. Calculate k(p).
7
Let c(n) = n**3 + 3*n**2 + 6*n + 1. Suppose 0*i - i = -2*h - 56, 4 = -i. Let x be (-44)/10 - 12/h. Give c(x).
-39
Let v(s) = 85*s - 6. Let n(p) = -34*p + 1. Let j(h) = 3*n(h) + v(h). What is j(-4)?
65
Let p(u) = 12*u**3 + 2*u**2 - 3*u - 41. Let i(r) = -12*r**3 - 2*r**2 + 3*r + 48. Let s(t) = -6*i(t) - 7*p(t). Give s(2).
-99
Suppose 0*p = 3*p - 3*x - 12, -2*p + 6 = -3*x. Suppose 0 = -u - 3*t + 6, -5*u - t + 24 = -p. Suppose -u*y = -y. Let v(z) = -z + 8. Give v(y).
8
Let o(v) = 15*v**3 - 48*v**2 - 4*v - 44. Let f(a) = -7*a**3 + 23*a**2 + 2*a + 21. Let d(s) = -13*f(s) - 6*o(s). Calculate d(11).
-31
Let t(p) be the first derivative of -1/3*p**3 + 7/2*p**2 - 31 - 4*p. Give t(6).
2
Let v(z) = 2*z**2 - 25*z + 7. Let u be 58 + 2 + (-1 + 3 - 0). Suppose r + u = 74. Let a be v(r). Let g(f) = -f**2 - 5*f. What is g(a)?
0
Let v(l) = -l + 2*l - 5*l - 3*l + 8*l - 1. Let f be (5/6 + 2/(-6))*-4. Determine v(f).
-3
Let v(b) = 2*b + 34. Suppose -10*a - 124 = -854. Suppose 4*x + 3*j + a = 0, -7*j = x - 6*j + 19. Let n be v(x). Let q(t) = -2*t**2 - 3*t + 1. Calculate q(n).
-13
Let z(n) be the third derivative of -n**6/120 - n**5/12 + n**4/4 + 2*n**3/3 + 2*n**2. Suppose 258 = -114*f + 71*f. Calculate z(f).
4
Let d(l) = -4*l - 21. Suppose -85*p - 6 = 7*p - 6. Give d(p).
-21
Let j(w) = -w**2 + w - 1. Suppose 0*r - 3*x = -2*r - 378, -194 = r + x. Let c = r + 195. Determine j(c).
-7
Let a(b) = 27 + 8*b - 2*b - 33 - 8*b - 34. Calculate a(-8).
-24
Let d(j) = -j**3 - 19*j**2 - j - 14. Suppose -103*x = 93*x + 1575 + 2149. Give d(x).
5
Let w(i) = i**3 - 5*i**2 - 12*i + 3. Let b(x) = 1018*x - 2028. Let k be b(2). Calculate w(k).
99
Let j = 172 + -176. Let n(w) = -3*w - 8. Let o(c) = -c**3 - 2*c**2 + 3*c + 3. Let i be o(-2). Let t(y) = -y - 3. Let h(m) = i*n(m) + 8*t(m). What is h(j)?
-4
Suppose 0 = -3*n + 65 - 56, n - 29 = -2*b. Let k(l) = -5*l**2 + 9*l - 4. Let z(y) = -4*y**2 + 10*y - 4. Let c(o) = 3*k(o) - 4*z(o). Determine c(b).
4
Suppose w + o - 77 = -82, -20 = 5*o. Let g(j) = -2*j**2 + 8 - 9 + 3*j**2 - j. Determine g(w).
1
Let i(c) = -2*c**3 - 12*c**2 + 8*c - 3. Suppose 3*x = 3*r + 36, 2*r - 239*x - 1 = -242*x. Calculate i(r).
39
Let u(q) = 7*q**3 - 7*q**2 + 3*q + 1. Let f(a) = 10*a**3 - 8*a**2 + 8*a + 1. Let j(w) = 2*f(w) - 3*u(w). Calculate j(5).
34
Let u(b) = 5*b + 53. Let p(g) = -3*g - 27. Let i(j) = 7*p(j) + 4*u(j). Let f be i(19). Let z(r) = -6*r - 2 - 4*r - r + r**2 + f*r. What is z(6)?
-8
Let t(p) = p**3 - 5*p**2 - 2*p - 7. Let i be 9 + (1 + 1)/2. Let c be -5 - -3 - (-3 - 1 - 1). Suppose -40 = -5*u - 4*v + i, -c*v + 15 = 0. Give t(u).
17
Let h(b) be the third derivative of -5*b**4/24 + 7*b**3 + 1459*b**2. Give h(6).
12
Suppose 7*n - 57 = -22. Let o(x) be the first derivative of x**3/3 - 3*x**2/2 + 2*x - 104. Determine o(n).
12
Let c(n) = n**2 + 5*n + 11. Suppose -42*a - 23*a = -55*a. Calculate c(a).
11
Let o(k) = 4*k - 166. Let s(n) = -n + 68. Let y(i) = 2*o(i) + 5*s(i). Determine y(14).
50
Let w(t) be the second derivative of t**6/720 + 56*t**4/3 + 26*t - 1. Let z(a) be the third derivative of w(a). Determine z(-5).
-5
Let b(j) = -72 - 50 - 18*j + 223 + 18*j - 6*j. Calculate b(16).
5
Let s(c) = 10*c - 14. Suppose 6*u + 15 = -25*f + 22*f, -5*f + 5*u + 35 = 0. What is s(f)?
16
Let p(j) be the first derivative of -9*j**2 + 136*j + 5604. Calcu